(2 - -2 - 2)?
-1
8 + -3 + (-5 - -1) + -5
-4
Calculate -4 - 2 - -5 - -1.
0
What is 5 + (0 - -2) + (58 - 64)?
1
Evaluate (0 - 3 - -3) + 8 + -3.
5
What is 6 + (-1 - (1 - -2))?
2
Evaluate -196 - -196 - (-3 + 0 + 2).
1
Evaluate 3 - 8 - (1 + -11 + 2).
3
1 + -3 + 28 + -23 - -3
6
Calculate 12 - 16 - (-2 + (1 - 0)).
-3
What is -2 + 8 + -4 + -1 + 5?
6
Calculate -8 + 8 + 6 + (0 - 4).
2
(-3 - (6 - 6)) + 1 + -3
-5
-12 + 27 - (23 + -1)
-7
Evaluate -1 - -3 - 5 - -6.
3
What is 2 + 0 + (-6 - 4) + 7?
-1
-4 + (5 - 2) + 1
0
What is the value of (2 - 2) + -24 + 13?
-11
Calculate (-7 - -3 - (1 - 3)) + 2.
0
Evaluate -1 + (6 - 6 - (0 - 0)).
-1
Calculate -12 - (-5 + 0 - (52 - 50)).
-5
What is 0 + (0 + 1 - 1)?
0
0 + 6 + -3 - (1 - 0)
2
Evaluate 3 + 3 + (-6 - 0).
0
Calculate 5 + -6 - 1 - -4.
2
What is the value of (8 - (-2 - -3 - -17)) + 8?
-2
What is 6 + -18 + 4 + 4?
-4
What is the value of (-13 - -15) + (1 - 1)?
2
What is (2 - 5) + 3 + (-5 - -4)?
-1
What is -12 + 15 - (2 + 5) - -6?
2
(-2 - (6 + -16)) + -2
6
What is -1 + -3 - (-2 + -4 + 7)?
-5
Evaluate -3 + -2 + (-1 - -2).
-4
What is the value of -12 + 12 + 6 + -2 + -2?
2
Calculate 2 - (1 - 4 - -2).
3
Calculate 0 + 4 + -3 - (4 - 2).
-1
What is (13 - 3) + (0 - (-3 - -8))?
5
Evaluate 7 + -11 - (0 - 2).
-2
(7 - -12) + -11 - 1
7
Calculate (-5 - 1) + 7 - 8 - -13.
6
What is (-1 - 2) + 12 + -4?
5
What is the value of -7 + 5 + 11 + -7?
2
What is the value of (-62 - -49) + (6 - -1)?
-6
What is the value of 5 + -3 + 0 + -2 + -3?
-3
(-2 - -1) + 5 - (-3 + 2)
5
Calculate -7 + 9 + (0 - 4).
-2
4 + -1 - (0 + 4)
-1
What is -2 - (-2 - -2) - 1 - -7?
4
1 - (-1 + -4) - (-396 + 409)
-7
Evaluate -8 + 10 + 13 + -9.
6
Calculate (-10 - -9) + -3 + 0.
-4
(-1 - (0 - -5)) + (20 - 18)
-4
What is the value of 0 - (-1 - (1 - (-3 + -1)))?
6
What is 3 + 0 + 4 - 3?
4
What is the value of -10 + (8 + -1 - 3)?
-6
What is 0 - (-1 + 2) - (-9 + 3)?
5
What is the value of (1 - ((2 - 1) + 5)) + 2?
-3
What is the value of (2 - -3 - 4) + (4 - 2)?
3
Evaluate 0 + 4 + -6 - 3.
-5
What is the value of (4 - 3) + -1 - 2?
-2
-5 - (2 - (6 + 3))
2
Calculate 5 + (1 - (5 - (-3 + -7))).
-9
Evaluate -5 + (-1 - (-6 - 0)).
0
What is (-3 + -4 - -5) + 10?
8
What is the value of -25 - -15 - (-6 + -5)?
1
What is (8 - (13 + -7)) + 3?
5
Calculate (-5 - -3) + 1 + 9.
8
(11 - (-6 - -11)) + -8
-2
Calculate -1 + (4 - 4 - 3).
-4
Evaluate 15 + (-5 - 10) + -5 + -1.
-6
What is (17 - 13) + (-2 - (-1 - -5))?
-2
(21 - (-18 - -40)) + -1 + 5
3
Calculate -2 + 0 - (0 - (3 + 5)).
6
What is the value of (61 - 68) + -1 + 6?
-2
Evaluate -13 + 13 + (1 - 6 - -1).
-4
What is the value of -3 - (2 + -7 - 2)?
4
Calculate 12 - (12 + (0 - -7) + -15).
8
What is -17 + -11 + 15 - (-3 + -1)?
-9
What is 4 + (3 - 15) + 3?
-5
Calculate (-3 - 3) + (-16 - -22).
0
3 + (-8 - (-6 + 1)) + 1
1
Calculate (-2 + -3 - 1) + 4 + -3.
-5
-1 - (-5 + 1 - -2 - 0)
1
-5 + (5 - (5 + -6)) - -2
3
Calculate -9 + 1 + (83 - 79).
-4
((-3 - -3) + -2 - 2) + 2
-2
What is the value of -4 - (0 + -3) - 3?
-4
What is 5 + (1 + -1 - 3)?
2
What is 5 + (4 - 17) - (-4 - 0)?
-4
What is -9 - (10 - (13 - -1))?
-5
2 + -4 + 1 - 0
-1
What is -8 - (-6 - (9 + -4 + 4))?
7
4 - (11 - (2 + -6 + 9))
-2
Evaluate 0 + (15 - 8 - 9).
-2
Calculate -3 + 2 + -1 - 2.
-4
(-5 - 0) + 4 + 3 + -8
-6
What is -7 + (-2 + 4 - -4) + -2?
-3
What is the value of -1 + 0 + (1 - -3)?
3
Evaluate -8 - (-4 + 5 - 2).
-7
-1 - (-13 + 0 - (-54 - -47))
5
-7 - (-8 - -1) - (-1 - -4)
-3
What is 11 + -21 - (-19 + -1)?
10
Evaluate -4 + 5 - (2 + 2).
-3
Evaluate 5 - 2 - (-2 - -2).
3
What is 8 - (1 + 23) - -8?
-8
Evaluate 1 - (-4 + (5 - 1 - 1)).
2
What is the value of 7 - -1 - (-4 - -8)?
4
What is the value of 1 + 3 + -1 + 2 + -10?
-5
Evaluate (-1 - 0) + -12 + 12.
-1
Evaluate 1 + 5 - (-2 + -2 + 6).
4
What is 4 - ((-3 - (-2 - 3)) + 7)?
-5
-14 + 3 + 10 + -5
-6
What is (7 - -1) + 2 - 4?
6
Evaluate (1 - 5) + 3 + (-12 - -3).
-10
-6 - (9 + -12) - 3
-6
What is -2 - ((-1 - (-1 + 3)) + 4)?
-3
What is (-6 - (2 + -3 + 1)) + 1?
-5
What is 14 + -1 + -19 + 15?
9
What is 3 + -5 + (0 - 2)?
-4
9 - ((0 - 8) + 10)
7
Calculate -1 + 1 + 62 + -55.
7
Evaluate (-3 - 0 - -2) + -2 + 4.
1
Evaluate 4 - (11 - 7) - (-15 + 5).
10
(-3 - -8) + (15 - 8 - 10)
2
What is 3 + (2 - -3) + -4?
4
What is the value of 6 - (-3 + 3 + 0 - 0)?
6
Calculate 3 - (0 + 3 + 2).
-2
What is -11 + (6 + -17 - -19)?
-3
Evaluate 4 + -3 + (-3 + 3 - -1).
2
3 - (-8 + (4 - -2) - -12)
-7
Evaluate 13 + (-2 - -6 - 8).
9
What is the value of (5 - 1 - 1) + -3?
0
What is -4 + -10 + -7 - -14?
-7
Calculate -3 + (15 - 11) + -2 + 0.
-1
(1 - -2) + -1 + (-3 - 1)
-2
(-205 - -212) + (-1 - 12)
-6
Evaluate (-1 - 2) + (3 - 0) - 0.
0
Evaluate 77 - 97 - (-14 - -2).
-8
-2 - (0 - 0 - (2 - -1))
1
Evaluate 2 + -3 + -2 + 6.
3
What is the value of -4 + (0 + -2 - -7)?
1
(4 - -2) + 8 + -6
8
5 - -4 - (-5 - -21)
-7
Calculate (-1 + 0 - -7) + -9.
-3
What is 1 + -1 + -3 + 4?
1
What is (2 - 9) + (-81 - -85)?
-3
What is the value of (-6 + 6 - -4) + -1 + -2?
1
What is 21 + -8 + -8 + -4 + 0?
1
What is the value of -4 + -8 + 4 - (0 - 3)?
-5
What is the value of (0 - (5 + -5)) + 2?
2
What is (0 - -5 - -1) + 83 + -88?
1
Calculate (3 - 4) + 6 + -10.
-5
Evaluate (2 - 5) + (-1 - 0) + 0.
-4
Evaluate 2 - (26 + -35 - (-2 + -1)).
8
-5 + 3 + 0 + 1
-1
Evaluate (2 - (-9 + 13)) + -8.
-10
Evaluate (4 - -1) + (-28 - -20).
-3
What is -3 + 3 - 7 - (1 + -9)?
1
What is the value of (-5 - -8) + (-2 - -4)?
5
What is 0 - (-1 - 1) - 4?
-2
Calculate (15 - 22) + (-1 - -13) + -12.
-7
Calculate 0 + 2 + -13 + (16 - 8).
-3
What is 7 - (2 + (-4 - -2))?
7
What is 8 + -4 + (-1 - -2) + 0?
5
Evaluate (32 - 30) + 0 + -1 + -2.
-1
Evaluate 0 + (-1 + -2 - -5).
2
What is the value of 1 + -4 + (-9 - -11)?
-1
4 - (-1 - 1) - (-11 - -11)
6
What is (0 + 0 - (1 - 9)) + -4?
4
Calculate -2 - (3 + 2 + -2).
-5
What is the value of -1 + -1 + 0 - (4 + -4)?
-2
-7 - 2 - 0 - -4
-5
What is 4 - (-4 - (-1 + -2))?
5
Calculate 0 - 7 - (28 + -24 + -6).
-5
7 - (-3 + 5 + (2 - 1))
4
What is the value of -7 + 1 - (4 + (-9 - -6))?
-7
What is the value of 3 + (1 - 0) - (-5 - -4)?
5
Evaluate (2 + 0 - 0) + -10 + 8.
0
What is the value of 1 + 0 + -4 - (46 - 51)?
2
What is 2 - (0 - (-5 + -2))?
-5
Evaluate (6 - 10) + -2 + 9.
3
Evaluate 2 - (-3 + (1 + 2 - 2)).
4
Evaluate -3 + (1 - 5) + 7.
0
What is the value of 4 + (-18 - -3) + 7?
-4
What is 1 + (-2 - 6 - -4)?
-3
What is 0 + 1 - (0 + 0)?
1
What is the value of -5 - ((5 - 2) + 0 - 11)?
3
What is 3 - (0 + -3 + -1 + 5)?
2
Calculate -7 + 8 + 6 + -3.
4
Evaluate (7 - -4) + -21 - -10.
0
(5 + -1 - (-11 + 17)) + 6
4
Calculate 5 + (-5 - -4) + -3 - 4.
-3
What is -4 - -1 - (6 - (10 + -1))?
0
1 - (2 + -4 + -2)
5
Calculate 0 + -5 + (-5 - (3 - 13)).
0
What is the value of 2 + -6 - (-8 - -11)?
-7
What is the value of 0 + 4 + -4 + -1?
-1
1 + -1 + -1 + -2
-3
Evaluate -2 - (-2 + (-5 - -3)) - 0.
2
Calculate 2 + (4 - -4) - 4.
6
Calculate -15 - (-6 - 10 - -8).
-7
What is 0 + 0 + (-1 - (14 - 13))?
-2
What is the value of 2 + -3 + -8 + 1 + -1?
-9
1 + 0 + -2 + (-2 - -8)
5
3 - (9 + -8 + 1)
1
What is the value of (9 - (3 + -11)) + -11?
6
Calculate 5 + 6 + -16 + 5.
0
2 + -7 + 3 + (-9 - -5)
-6
Evaluate -1 - (-7 + -1 + 1).
6
What is -8 - (1 + -7 + 0 + 2)?
-4
What is the value of (3 + -5 - 0) + (0 - 3)?
-5
-11 + (6 - (11 - 10))
-6
What is -2 - (-5 - (0 + -2 + 3))?
4
3 - (-8 + 10) - 0 - 6
-5
Calculate -7 + -1 + 8 + -1.
-1
-6 - (-1 + 2 + -5)
-2
What is the value of 8 + (-21 - (-14 + 9))?
-8
What is the value of -13 + 9 + 3 + -5?
-6
What is (2 - 3 - 4 - -5) + 1?
1
Evaluate (1 - 2) + -2 + 9 + 2.
8
Calculate -40 - -19 - -18 - (-5 + 1).
1
What is the value of (4 - 14) + (4 - -3)?
-3
Evaluate -14 - -7 - (2 + -6 - 0).
-3
What is -1 + -1 + (-9 - -15)?
4
What is the value of 4 + -1 + (-10 - (15 + -20))?
-2
Evaluate -4 - (-2 + -9 + (2 - 0)).
5
Evaluate -6 + (12 - (8 + -4)).
2
Calculate (-6 - -5 - -5) + (4 - 13).
-5
Calculate -4 + (-5 + -1 - (-6 - -3)).
-7
Evaluate 4 - (4 - (-7 - -3)) - -9.
5
(-17 - -21) + (0 - 3) + 2
3
What is -2 + 3 + 12 + -8?
5
What is -5 - -9 - 3 - 0?
1
What is the value of 0 - -2 - (3 + -5)?
4
What is 7 - (20 - -4 - 9)?
-8
3 + -1 + (-4 - (4 + -3))
-3
Calculate 2 - 6 - (-6 - (-7 - -1)).
-4
2 - (4 - 0 - -1) - 0
-3
Evaluate 0 - (3 + (1 - 2)) - -5.
3
What is 5 + (4 - 11) + (1 - 0)?
-1
-7 + (-4 - -30 - 12)
7
What is the value of -1 - -7 - (9 - 1 - 7)